{"id":904,"date":"2024-04-06T02:19:18","date_gmt":"2024-04-06T00:19:18","guid":{"rendered":"https:\/\/rueckershaeuser.de\/?post_type=product&#038;p=904"},"modified":"2026-04-08T21:38:00","modified_gmt":"2026-04-08T19:38:00","slug":"sauvignon-blanc-trocken","status":"publish","type":"product","link":"https:\/\/rueckershaeuser.de\/product\/sauvignon-blanc-trocken\/","title":{"rendered":"Sauvignon blanc trocken"},"content":{"rendered":"<p>Ein intensives Aromenspiel, dominiert von gr\u00fcner Paprika und frisch gem\u00e4htem Gras, offenbart dieser trockene Sauvignon Blanc. Im Abgang folgen leichte Zitrusnoten und Aromen von Stachelbeeren. Exotische Fr\u00fcchte wie Maracuja runden das Geschmackserlebnis ab. Die lebendige Frische und die knackige S\u00e4ure machen ihn zu einem erfrischenden Genuss. Ein perfekter Begleiter zu Meeresfr\u00fcchten, Salaten oder einfach als anregender Aperitif.<\/p>\n","protected":false},"excerpt":{"rendered":"<p>gr\u00fcne Aromen mit einem Hauch Exotic<\/p>\n","protected":false},"featured_media":732,"template":"","meta":[],"product_brand":[],"product_cat":[46,421,53,49,34,27],"product_tag":[],"class_list":{"0":"post-904","1":"product","2":"type-product","3":"status-publish","4":"has-post-thumbnail","6":"product_cat-46","7":"product_cat-empfohlen","8":"product_cat-gau-algesheim","9":"product_cat-qualitaetswein","10":"product_cat-trocken","11":"product_cat-weiswein","13":"first","14":"instock","15":"taxable","16":"shipping-taxable","17":"purchasable","18":"product-type-simple"},"yoast_head":"<!-- This site is optimized with the Yoast SEO plugin v27.4 - https:\/\/yoast.com\/product\/yoast-seo-wordpress\/ -->\n<title>Sauvignon blanc trocken - Sekt &amp; Weingut R\u00fcckersh\u00e4user<\/title>\n<meta name=\"robots\" content=\"index, follow, max-snippet:-1, max-image-preview:large, max-video-preview:-1\" \/>\n<link rel=\"canonical\" href=\"https:\/\/rueckershaeuser.de\/product\/sauvignon-blanc-trocken\/\" \/>\n<meta property=\"og:locale\" content=\"de_DE\" \/>\n<meta property=\"og:type\" content=\"article\" \/>\n<meta property=\"og:title\" content=\"Sauvignon blanc trocken - Sekt &amp; Weingut R\u00fcckersh\u00e4user\" \/>\n<meta property=\"og:description\" content=\"gr\u00fcne Aromen mit einem Hauch Exotic\" \/>\n<meta property=\"og:url\" content=\"https:\/\/rueckershaeuser.de\/product\/sauvignon-blanc-trocken\/\" \/>\n<meta property=\"og:site_name\" content=\"Sekt &amp; Weingut R\u00fcckersh\u00e4user\" \/>\n<meta property=\"article:modified_time\" content=\"2026-04-08T19:38:00+00:00\" \/>\n<meta property=\"og:image\" content=\"https:\/\/rueckershaeuser.de\/wp-content\/uploads\/2024\/04\/Rueckershaeuser_Sauvignon_Blanc_Trocken.png\" \/>\n\t<meta property=\"og:image:width\" content=\"1000\" \/>\n\t<meta property=\"og:image:height\" content=\"1499\" \/>\n\t<meta property=\"og:image:type\" content=\"image\/png\" \/>\n<meta name=\"twitter:card\" content=\"summary_large_image\" \/>\n<meta name=\"twitter:label1\" content=\"Gesch\u00e4tzte Lesezeit\" \/>\n\t<meta name=\"twitter:data1\" content=\"1\u00a0Minute\" \/>\n<script type=\"application\/ld+json\" class=\"yoast-schema-graph\">{\"@context\":\"https:\\\/\\\/schema.org\",\"@graph\":[{\"@type\":\"WebPage\",\"@id\":\"https:\\\/\\\/rueckershaeuser.de\\\/product\\\/sauvignon-blanc-trocken\\\/\",\"url\":\"https:\\\/\\\/rueckershaeuser.de\\\/product\\\/sauvignon-blanc-trocken\\\/\",\"name\":\"Sauvignon blanc trocken - Sekt &amp; Weingut R\u00fcckersh\u00e4user\",\"isPartOf\":{\"@id\":\"https:\\\/\\\/rueckershaeuser.de\\\/#website\"},\"primaryImageOfPage\":{\"@id\":\"https:\\\/\\\/rueckershaeuser.de\\\/product\\\/sauvignon-blanc-trocken\\\/#primaryimage\"},\"image\":{\"@id\":\"https:\\\/\\\/rueckershaeuser.de\\\/product\\\/sauvignon-blanc-trocken\\\/#primaryimage\"},\"thumbnailUrl\":\"https:\\\/\\\/rueckershaeuser.de\\\/wp-content\\\/uploads\\\/2024\\\/04\\\/Rueckershaeuser_Sauvignon_Blanc_Trocken.png\",\"datePublished\":\"2024-04-06T00:19:18+00:00\",\"dateModified\":\"2026-04-08T19:38:00+00:00\",\"breadcrumb\":{\"@id\":\"https:\\\/\\\/rueckershaeuser.de\\\/product\\\/sauvignon-blanc-trocken\\\/#breadcrumb\"},\"inLanguage\":\"de\",\"potentialAction\":[{\"@type\":\"ReadAction\",\"target\":[\"https:\\\/\\\/rueckershaeuser.de\\\/product\\\/sauvignon-blanc-trocken\\\/\"]}]},{\"@type\":\"ImageObject\",\"inLanguage\":\"de\",\"@id\":\"https:\\\/\\\/rueckershaeuser.de\\\/product\\\/sauvignon-blanc-trocken\\\/#primaryimage\",\"url\":\"https:\\\/\\\/rueckershaeuser.de\\\/wp-content\\\/uploads\\\/2024\\\/04\\\/Rueckershaeuser_Sauvignon_Blanc_Trocken.png\",\"contentUrl\":\"https:\\\/\\\/rueckershaeuser.de\\\/wp-content\\\/uploads\\\/2024\\\/04\\\/Rueckershaeuser_Sauvignon_Blanc_Trocken.png\",\"width\":1000,\"height\":1499},{\"@type\":\"BreadcrumbList\",\"@id\":\"https:\\\/\\\/rueckershaeuser.de\\\/product\\\/sauvignon-blanc-trocken\\\/#breadcrumb\",\"itemListElement\":[{\"@type\":\"ListItem\",\"position\":1,\"name\":\"Home\",\"item\":\"https:\\\/\\\/rueckershaeuser.de\\\/\"},{\"@type\":\"ListItem\",\"position\":2,\"name\":\"Products\",\"item\":\"https:\\\/\\\/rueckershaeuser.de\\\/index.php\\\/shop\\\/\"},{\"@type\":\"ListItem\",\"position\":3,\"name\":\"Sauvignon blanc trocken\"}]},{\"@type\":\"WebSite\",\"@id\":\"https:\\\/\\\/rueckershaeuser.de\\\/#website\",\"url\":\"https:\\\/\\\/rueckershaeuser.de\\\/\",\"name\":\"Sekt &amp; Weingut R\u00fcckersh\u00e4user\",\"description\":\"Weine und Sekt aus Rheinland-Pfalz\",\"potentialAction\":[{\"@type\":\"SearchAction\",\"target\":{\"@type\":\"EntryPoint\",\"urlTemplate\":\"https:\\\/\\\/rueckershaeuser.de\\\/?s={search_term_string}\"},\"query-input\":{\"@type\":\"PropertyValueSpecification\",\"valueRequired\":true,\"valueName\":\"search_term_string\"}}],\"inLanguage\":\"de\"}]}<\/script>\n<!-- \/ Yoast SEO plugin. -->","yoast_head_json":{"title":"Sauvignon blanc trocken - Sekt &amp; Weingut R\u00fcckersh\u00e4user","robots":{"index":"index","follow":"follow","max-snippet":"max-snippet:-1","max-image-preview":"max-image-preview:large","max-video-preview":"max-video-preview:-1"},"canonical":"https:\/\/rueckershaeuser.de\/product\/sauvignon-blanc-trocken\/","og_locale":"de_DE","og_type":"article","og_title":"Sauvignon blanc trocken - Sekt &amp; Weingut R\u00fcckersh\u00e4user","og_description":"gr\u00fcne Aromen mit einem Hauch Exotic","og_url":"https:\/\/rueckershaeuser.de\/product\/sauvignon-blanc-trocken\/","og_site_name":"Sekt &amp; Weingut R\u00fcckersh\u00e4user","article_modified_time":"2026-04-08T19:38:00+00:00","og_image":[{"width":1000,"height":1499,"url":"https:\/\/rueckershaeuser.de\/wp-content\/uploads\/2024\/04\/Rueckershaeuser_Sauvignon_Blanc_Trocken.png","type":"image\/png"}],"twitter_card":"summary_large_image","twitter_misc":{"Gesch\u00e4tzte Lesezeit":"1\u00a0Minute"},"schema":{"@context":"https:\/\/schema.org","@graph":[{"@type":"WebPage","@id":"https:\/\/rueckershaeuser.de\/product\/sauvignon-blanc-trocken\/","url":"https:\/\/rueckershaeuser.de\/product\/sauvignon-blanc-trocken\/","name":"Sauvignon blanc trocken - Sekt &amp; Weingut R\u00fcckersh\u00e4user","isPartOf":{"@id":"https:\/\/rueckershaeuser.de\/#website"},"primaryImageOfPage":{"@id":"https:\/\/rueckershaeuser.de\/product\/sauvignon-blanc-trocken\/#primaryimage"},"image":{"@id":"https:\/\/rueckershaeuser.de\/product\/sauvignon-blanc-trocken\/#primaryimage"},"thumbnailUrl":"https:\/\/rueckershaeuser.de\/wp-content\/uploads\/2024\/04\/Rueckershaeuser_Sauvignon_Blanc_Trocken.png","datePublished":"2024-04-06T00:19:18+00:00","dateModified":"2026-04-08T19:38:00+00:00","breadcrumb":{"@id":"https:\/\/rueckershaeuser.de\/product\/sauvignon-blanc-trocken\/#breadcrumb"},"inLanguage":"de","potentialAction":[{"@type":"ReadAction","target":["https:\/\/rueckershaeuser.de\/product\/sauvignon-blanc-trocken\/"]}]},{"@type":"ImageObject","inLanguage":"de","@id":"https:\/\/rueckershaeuser.de\/product\/sauvignon-blanc-trocken\/#primaryimage","url":"https:\/\/rueckershaeuser.de\/wp-content\/uploads\/2024\/04\/Rueckershaeuser_Sauvignon_Blanc_Trocken.png","contentUrl":"https:\/\/rueckershaeuser.de\/wp-content\/uploads\/2024\/04\/Rueckershaeuser_Sauvignon_Blanc_Trocken.png","width":1000,"height":1499},{"@type":"BreadcrumbList","@id":"https:\/\/rueckershaeuser.de\/product\/sauvignon-blanc-trocken\/#breadcrumb","itemListElement":[{"@type":"ListItem","position":1,"name":"Home","item":"https:\/\/rueckershaeuser.de\/"},{"@type":"ListItem","position":2,"name":"Products","item":"https:\/\/rueckershaeuser.de\/index.php\/shop\/"},{"@type":"ListItem","position":3,"name":"Sauvignon blanc trocken"}]},{"@type":"WebSite","@id":"https:\/\/rueckershaeuser.de\/#website","url":"https:\/\/rueckershaeuser.de\/","name":"Sekt &amp; Weingut R\u00fcckersh\u00e4user","description":"Weine und Sekt aus Rheinland-Pfalz","potentialAction":[{"@type":"SearchAction","target":{"@type":"EntryPoint","urlTemplate":"https:\/\/rueckershaeuser.de\/?s={search_term_string}"},"query-input":{"@type":"PropertyValueSpecification","valueRequired":true,"valueName":"search_term_string"}}],"inLanguage":"de"}]}},"_links":{"self":[{"href":"https:\/\/rueckershaeuser.de\/wp-json\/wp\/v2\/product\/904","targetHints":{"allow":["GET"]}}],"collection":[{"href":"https:\/\/rueckershaeuser.de\/wp-json\/wp\/v2\/product"}],"about":[{"href":"https:\/\/rueckershaeuser.de\/wp-json\/wp\/v2\/types\/product"}],"wp:featuredmedia":[{"embeddable":true,"href":"https:\/\/rueckershaeuser.de\/wp-json\/wp\/v2\/media\/732"}],"wp:attachment":[{"href":"https:\/\/rueckershaeuser.de\/wp-json\/wp\/v2\/media?parent=904"}],"wp:term":[{"taxonomy":"product_brand","embeddable":true,"href":"https:\/\/rueckershaeuser.de\/wp-json\/wp\/v2\/product_brand?post=904"},{"taxonomy":"product_cat","embeddable":true,"href":"https:\/\/rueckershaeuser.de\/wp-json\/wp\/v2\/product_cat?post=904"},{"taxonomy":"product_tag","embeddable":true,"href":"https:\/\/rueckershaeuser.de\/wp-json\/wp\/v2\/product_tag?post=904"}],"curies":[{"name":"wp","href":"https:\/\/api.w.org\/{rel}","templated":true}]}}